 - 43*z - 709. What is b(-12)?
-481
Let o(b) = 2*b**3 + b**2 - 582*b - 1715. What is o(-3)?
-14
Let l(j) = j**3 - 568*j**2 + 1165*j - 18688. What is l(566)?
-10
Let h(c) = 49488*c + 98971. Calculate h(-2).
-5
Let z(c) = 1723*c - 20655. Give z(12).
21
Let g(a) = 804*a + 35793. Calculate g(-45).
-387
Let z(n) = -762*n + 289319. Determine z(380).
-241
Let w(b) = -8*b**2 - 129*b + 2780. Calculate w(12).
80
Let y(w) = 6977*w - 5630492. Calculate y(807).
-53
Let r(a) = a**3 + 31*a**2 - 205*a - 771. Determine r(-36).
129
Let j(z) = -32*z**3 - 6*z**2 - 51*z - 98. Give j(-2).
236
Let t(g) = 28*g**3 - 393*g**2 + 2007*g - 27892. What is t(14)?
10
Let d(t) = 2*t**2 - 7*t - 72381. Determine d(192).
3
Let b(u) = -35*u**2 - 284*u + 14. Calculate b(-11).
-1097
Let a(i) = -i**2 + 127*i - 410. What is a(124)?
-38
Let l(p) = 10*p**3 - 4*p**2 + 13*p - 2. Determine l(2).
88
Let q(s) = -188*s - 329. Determine q(-2).
47
Let x(d) = -121*d**2 + 1171*d + 1559. Determine x(11).
-201
Let t(k) = 6*k**2 - 29594*k - 118367. What is t(-4)?
105
Let f(z) = -2*z**2 - 1193*z + 83167. Calculate f(63).
70
Let p(u) = -11*u**3 + 77*u**2 - 572*u + 4031. Calculate p(7).
27
Let c(i) = i**2 + 19274*i + 1114536. Calculate c(-58).
8
Let w(c) = -2*c**3 - 45*c**2 + 124*c - 86. What is w(-25)?
-61
Let m(b) = -2*b**3 - 217*b**2 - 3604*b + 354. Determine m(-88).
2
Let y(s) = -12*s**3 + 3*s**2 - 20*s - 43. Give y(-4).
853
Let b(u) = -27*u**2 + 303*u - 65. Give b(17).
-2717
Let q(v) = 2*v**3 - 8*v**2 + 2885*v - 5728. What is q(2)?
26
Let d(g) = -g**3 + 3*g**2 + 318*g + 205. Give d(-16).
-19
Let h(m) = 22257*m + 712209. Calculate h(-32).
-15
Let p(s) = -246*s - 7428. Give p(-37).
1674
Let w(j) = -1415*j + 253292. Give w(179).
7
Let d(c) = 5*c**2 - 3605*c - 18153. What is d(-5)?
-3
Let j(i) = -i**2 - 72107*i - 144202. What is j(-2)?
8
Let v(y) = -4467*y + 20116. Calculate v(5).
-2219
Let n(g) = 78463*g + 1098501. What is n(-14)?
19
Let u(c) = 25*c**2 - 2430*c + 458. Give u(97).
-27
Let n(a) = -4*a**2 + 19*a + 558. Give n(15).
-57
Let h(v) = 145*v**2 + 3610*v + 3111. What is h(-24)?
-9
Let t(r) = -r**3 - 47*r**2 + 48519*r + 2207. Give t(-245).
2
Let k(w) = 7*w**2 - 331*w - 2502. Determine k(54).
36
Let j(b) = -31*b**2 + 133*b - 164. Give j(-7).
-2614
Let b(y) = 4921*y - 88535. Determine b(18).
43
Let f(h) = -10*h**3 + 122*h**2 - 587*h + 3673. Determine f(10).
3
Let v(w) = -2*w**3 + 104*w**2 + 108*w + 18. Calculate v(53).
124
Let g(f) = -6585*f - 441193. What is g(-67)?
2
Let m(a) = -9*a**2 + 1666*a - 22859. Give m(15).
106
Let h(w) = -14*w**3 + 80*w**2 - 35*w + 79. Calculate h(5).
154
Let l(s) = 73*s**3 + 216*s**2 + 244*s + 733. Calculate l(-3).
-26
Let d(x) = -8*x**2 + 16228*x - 129763. Give d(8).
-451
Let m(c) = -3*c**3 + 17*c**2 + 98*c - 128. What is m(9)?
-56
Let x(w) = -w**3 + 49*w**2 - 52*w + 509. What is x(48)?
317
Let b(x) = 224*x + 52627. Calculate b(-235).
-13
Let d(n) = -5155*n**3 + 2*n**2 + 20*n - 21. Calculate d(1).
-5154
Let o(p) = -2*p**3 + 70*p**2 - 2*p + 94. Give o(35).
24
Let g(w) = 16*w**2 - 112*w + 316. What is g(3)?
124
Let o(f) = 645*f + 29706. Calculate o(-46).
36
Let t(j) = -j**2 - 87*j + 312. Give t(-89).
134
Let k(i) = -453*i - 3645. Determine k(-11).
1338
Let o(l) = 2*l**3 - 160*l**2 - 596*l + 47679. Give o(80).
-1
Let r(p) = -31*p**3 + 30*p**2 + 575*p + 1036. Calculate r(-2).
254
Let g(c) = -646*c**2 - 4331*c + 1335. Give g(-7).
-2
Let l(c) = 126*c + 515. Determine l(-7).
-367
Let s(o) = 1342*o + 37542. Determine s(-28).
-34
Let p(l) = -2*l**2 + 345*l - 4947. What is p(155)?
478
Let k(p) = -552*p + 4439. Determine k(13).
-2737
Let z(v) = v**3 - 33*v**2 + 127*v + 1307. Calculate z(26).
-123
Let p(d) = -d**2 + 8368*d - 50138. Calculate p(6).
34
Let n(u) = -454*u**3 - 36*u**2 + 38*u - 2. What is n(1)?
-454
Let h(l) = l**3 - 11*l**2 + 278*l - 3002. Determine h(13).
950
Let f(t) = -131117*t + 524464. Calculate f(4).
-4
Let s(l) = 1110*l + 79985. Give s(-72).
65
Let f(y) = -2*y**2 + 256*y + 33134. Determine f(208).
-146
Let r(x) = -x**2 + 415*x - 32330. Calculate r(311).
14
Let y(o) = -39*o**2 - 1022*o - 221. Determine y(-26).
-13
Let g(f) = -9880*f - 1225103. Calculate g(-124).
17
Let r(k) = -1265*k**2 - 16445*k. Give r(-13).
0
Let c(v) = 12*v**2 + 1289*v + 4274. Determine c(-104).
10
Let g(c) = -6*c**3 + 3*c**2 - 32*c - 73. Determine g(-2).
51
Let m(p) = -2*p**3 - 78*p**2 - 50*p + 701. Calculate m(-38).
-287
Let v(l) = 4*l**2 + 1042*l + 5589. Give v(-255).
-21
Let b(o) = -o**3 + 2463*o**2 - 26963*o - 34. Determine b(11).
65
Let y(n) = -10*n**2 - 140*n - 577. Give y(-6).
-97
Let u(h) = -4*h**2 - 507*h - 2429. Give u(-5).
6
Let w(d) = 50*d**2 - 278*d - 8353. Calculate w(16).
-1
Let m(f) = -f**2 + 42347*f - 127026. Determine m(3).
6
Let a(l) = 23*l**2 + 165*l - 968. Determine a(-13).
774
Let j(p) = 2*p**2 + 579*p + 16592. What is j(-33)?
-337
Let j(p) = 366*p**2 + 11451*p + 3238. Give j(-31).
-17
Let n(x) = -3*x**2 + 400*x + 300. What is n(137)?
-1207
Let u(o) = -3*o**3 + 1000*o**2 + 2652*o + 12094. Give u(336).
-2
Let l(s) = 11345*s - 102096. What is l(9)?
9
Let a(n) = n**3 - 101*n**2 - 159*n + 1979. What is a(102)?
-3835
Let c(n) = 3*n**3 - 123*n**2 + 217*n + 8421. Determine c(37).
22
Let o(w) = -34*w**2 + 2644*w - 2655. Calculate o(1).
-45
Let l(n) = 2*n**2 - 514*n - 5732. Determine l(-11).
164
Let q(i) = -7*i**3 + 4*i**2 + 6*i - 40. Determine q(5).
-785
Let b(t) = 2*t**3 + 396*t**2 + 1556*t + 779. Determine b(-194).
3
Let y(f) = 2*f**3 + 69*f**2 + 494*f - 1796. What is y(-19)?
9
Let c(k) = -15*k**3 + 72*k**2 + 8*k - 57. Determine c(7).
-1618
Let j(n) = n**3 + 31*n**2 - 918*n + 2661. What is j(16)?
5
Let y(o) = -332*o - 359. Calculate y(-1).
-27
Let f(m) = 10347*m - 62167. What is f(6)?
-85
Let w(g) = g**3 - 15988*g**2 + 462812*g - 29. Determine w(29).
0
Let w(m) = 55*m**2 + 22493*m - 46032. Calculate w(-411).
0
Let j(g) = -320*g - 5044. What is j(-17)?
396
Let k(h) = 10*h**2 + 1037*h - 4751. What is k(-108)?
-107
Let n(r) = -r**3 - 120*r**2 + 24630*r + 1362. Determine n(-228).
-6
Let w(y) = -3*y**2 - 644*y - 2519. Give w(-4).
9
Let y(o) = 5709*o + 279704. Determine y(-49).
-37
Let k(c) = 2*c**2 + 191*c - 12541. Calculate k(-142).
665
Let d(f) = 51*f**2 - 909*f - 76. Determine d(18).
86
Let i(p) = 97*p**3 - 2815*p**2 + 53*p + 138. What is i(29)?
-7
Let m(q) = -2*q**3 + 111*q**2 - 129*q + 3281. Give m(55).
-789
Let r(n) = -n**3 - 134*n**2 + 618*n - 10796. Determine r(-139).
-93
Let f(b) = 57736*b + 519615. What is f(-9)?
-9
Let j(w) = w**3 + 185*w**2 + 307*w + 56807. What is j(-185)?
12
Let a(l) = -1722*l + 46556. Determine a(27).
62
Let v(r) = 15790*r - 63165. What is v(4)?
-5
Let r(x) = -2*x**2 + 318509*x - 5732515. Determine r(18).
-1
Let q(o) = -o**3 - 7*o**2 + 310*o - 585. What is q(-22)?
-145
Let d(r) = -166*r - 69382. Give d(-418).
6
Let a(o) = -629*o - 1162. Calculate a(-2).
96
Let a(f) = 2604*f - 289219. What is a(111)?
-175
Let a(s) = -2*s**3 - 119*s**2 + 6*s - 34. Calculate a(0).
-34
Let x(i) = -i**2 - 9415*i - 215975. Determine x(-23).
41
Let l(a) = a**3 + 47*a**2 + 158*a - 856. Determine l(-41).
2752
Let p(b) = 6*b**3 - 69*b**2 + 398*b - 57. What is p(6)?
1143
Let i(w) = -3*w**2 + 44*w + 93. Give i(6).
249
Let y(n) = n**3 - 6*n**2 - 17617*n + 88115. Give y(5).
5
Let c(m) = 2*m**2 - 2736*m + 19051. Determine c(7).
-3
Let j(k) = -795*k - 69899. Determine j(-88).
61
Let g(x) = x**2 + 50366*x + 503560. Give g(-10).
0
Let s(f) = 2676*f + 3. Determine s(0).
3
Let s(k) = 32255*k + 2096566. Determine s(-65).
-9
Let m(j) = -2*j**2 + 11730*j - 1005529. What is m(87)?
-157
Let n(w) = 22*w**3 - 6*w**2 - 5*w + 7. Calculate n(-4).
-1477
Let l(n) = -4896*n - 98529. Determine l(-20).
-609
Let y(v) = -28*v - 1465. Calculate y(-46).
-177
Let b(m) = 94917*m - 854220. Determine b(9).
33
Let x(z) = 7*z**2 - 99*z + 306. Calculate x(4).
22
Let s(o) = 8364*o**2 - o + 584. What is s(0)?
584
Let r(q) = -11030*q - 419157. Determine r(-38).
-17
Let n(x) = 2*x**2 - 232*x + 6721. What is n(58)?
-7
Let t(k) = 5*k**2 + 2246*k - 1254. Determine t(-450).
546
Let y(s) = -6*s**3 + 2*s**2 + 696*s - 1372. What is y(2)?
-20
Let r(y) = -94*y**2 - 1400*y - 1165. Calculate r(-14).
11
Let n(c) = -19*c**2 + 47*c + 178. What is n(-4)?
-314
Let g(o) = -o**3 + 21*o**2 - 71*o + 2100. What is g(23)?
-591
L